number?
False
Is 11288565493 a composite number?
False
Is 173296681 prime?
True
Is 14161060681 prime?
False
Is 557856281 prime?
True
Is 16133274389 composite?
True
Is 2653707413 a composite number?
True
Is 1043032423 composite?
False
Is 3705001721 prime?
True
Is 12984927821 composite?
False
Is 1292967839 composite?
True
Is 12148338441 a composite number?
True
Is 857711527 a prime number?
True
Is 93570483 a composite number?
True
Is 640375069 prime?
False
Is 4553554637 a composite number?
False
Is 7576635431 a composite number?
False
Is 18726277837 a prime number?
False
Is 1770940141 a composite number?
False
Is 869922139 prime?
True
Is 2033113213 a prime number?
True
Is 266782643 composite?
True
Is 28234727281 composite?
False
Is 43958017327 a prime number?
False
Is 3017242673 composite?
False
Is 3581242421 a prime number?
False
Is 2917348513 composite?
False
Is 12079572523 composite?
False
Is 1430477089 a prime number?
True
Is 975283429 a composite number?
True
Is 5465382667 a prime number?
False
Is 540922841 a composite number?
False
Is 1018538093 a composite number?
True
Is 88113054005 prime?
False
Is 3812198547 a prime number?
False
Is 22249685797 prime?
True
Is 128578254719 composite?
False
Is 255927827 a composite number?
True
Is 4558068418 composite?
True
Is 483959129 a prime number?
False
Is 30049208027 a composite number?
False
Is 107328427 a prime number?
True
Is 513244007 a prime number?
True
Is 4792824103 a prime number?
True
Is 526676327 prime?
True
Is 33989867 composite?
True
Is 86916739567 composite?
True
Is 3603351319 a composite number?
False
Is 4514679553 a prime number?
False
Is 608143573 prime?
False
Is 7269569017 composite?
False
Is 188069071 composite?
True
Is 26495320711 prime?
True
Is 37817658953 a composite number?
False
Is 10606417417 prime?
True
Is 2386366397 composite?
False
Is 5437364213 a prime number?
False
Is 2261025938 prime?
False
Is 6116401799 composite?
True
Is 67342559663 prime?
False
Is 144837469 a composite number?
True
Is 277706281 a prime number?
True
Is 116733596201 a prime number?
True
Is 272233331 prime?
True
Is 13129143961 a prime number?
True
Is 624139877 a prime number?
False
Is 27540001037 composite?
True
Is 59107949 composite?
False
Is 565473731 prime?
False
Is 390580283 prime?
False
Is 179461487 a prime number?
True
Is 8331702853 a prime number?
True
Is 438628529 a prime number?
True
Is 194624357 composite?
False
Is 43582461499 composite?
True
Is 3042085727 a prime number?
True
Is 862986731 composite?
False
Is 8624834935 prime?
False
Is 303965537 prime?
True
Is 747468889 a prime number?
False
Is 184578665963 a prime number?
True
Is 36001326973 a prime number?
False
Is 7634745637 a prime number?
False
Is 42009073423 composite?
False
Is 219541793 composite?
True
Is 698143193 a composite number?
True
Is 8531390611 a prime number?
False
Is 1490529847 a composite number?
True
Is 31249694849 a composite number?
False
Is 8125881081 prime?
False
Is 2737007311 prime?
False
Is 1688502337 a composite number?
True
Is 1718510709 prime?
False
Is 45686710019 composite?
True
Is 70778007541 prime?
True
Is 17143968703 a prime number?
True
Is 2162286449 composite?
False
Is 1109069683 a composite number?
True
Is 132744191 composite?
True
Is 1073423539 a composite number?
True
Is 67768099621 a composite number?
True
Is 504684529 composite?
False
Is 1130008427 a prime number?
False
Is 547481861 a prime number?
False
Is 1135015817 a prime number?
False
Is 19975075843 prime?
True
Is 4533630419 a composite number?
True
Is 2493880979 a composite number?
True
Is 1624040993 a composite number?
True
Is 12035088223 prime?
True
Is 7146035173 prime?
False
Is 27593768747 composite?
False
Is 2575260683 composite?
True
Is 6552514987 a composite number?
False
Is 1966383281 prime?
False
Is 474257837 a composite number?
True
Is 2468090563 a prime number?
False
Is 132728730931 a prime number?
True
Is 713807389 a prime number?
False
Is 11555374903 prime?
False
Is 108840994211 composite?
False
Is 46693289839 a composite number?
True
Is 25971377 prime?
True
Is 9448801313 prime?
False
Is 35046634829 composite?
True
Is 2215504583 a composite number?
True
Is 4508660357 a prime number?
True
Is 240992197 a prime number?
False
Is 487433669 a prime number?
True
Is 4379830681 a prime number?
False
Is 6593657981 a prime number?
False
Is 55875830293 composite?
False
Is 3606142483 a prime number?
False
Is 10386944489 composite?
True
Is 10147681787 a composite number?
False
Is 1564785751 a prime number?
True
Is 1293729623 a prime number?
False
Is 3263875247 a composite number?
True
Is 2203312609 prime?
False
Is 10597878413 prime?
True
Is 41265817991 a composite number?
True
Is 1632857261 a prime number?
False
Is 3006553699 a composite number?
True
Is 60116715733 composite?
False
Is 243225923 prime?
True
Is 1981424857 composite?
True
Is 37331291 prime?
True
Is 6615761329 a composite number?
True
Is 11184550309 a composite number?
False
Is 188126111 a composite number?
False
Is 4383605509 prime?
False
Is 38638801463 a composite number?
False
Is 6652463 prime?
False
Is 570551383 composite?
True
Is 66059866111 a composite number?
False
Is 5111041813 composite?
False
Is 9878028701 prime?
True
Is 1407498451 a composite number?
False
Is 4786161341 composite?
True
Is 6142579273 a composite number?
False
Is 1322423983 a composite number?
True
Is 512697329 composite?
False
Is 619078381 a composite number?
True
Is 10529844119 a composite number?
True
Is 6769600777 a composite number?
True
Is 16523425199 a composite number?
True
Is 154673543 a prime number?
True
Is 159583601743 a composite number?
False
Is 146485769 composite?
False
Is 6056174857 a composite number?
False
Is 82624449767 composite?
True
Is 161290741723 prime?
False
Is 111547477 prime?
True
Is 83779381 a composite number?
True
Is 54990948343 composite?
False
Is 5819754379 prime?
True
Is 264321997 a composite number?
False
Is 8020913 prime?
True
Is 13957469891 composite?
True
Is 24067629217 composite?
False
Is 8220483653 a prime number?
False
Is 16272733949 composite?
False
Is 563971 a composite number?
False
Is 10722485677 prime?
False
Is 156555121 a prime number?
False
Is 2364788809 prime?
True
Is 4617789299 prime?
True
Is 2986188809 a composite number?
True
Is 1672865419 composite?
False
Is 28309016965 prime?
False
Is 1419318683 a composite number?
False
Is 47874215033 a prime number?
False
Is 72104726306 a composite number?
True
Is 13301549861 composite?
False
Is 3004198367 prime?
False
Is 10377087811 composite?
False
Is 4357090831 composite?
False
Is 9091994887 a prime number?
True
Is 2567738773 composite?
True
Is 225263817827 composite?
True
Is 31900526071 a composite number?
False
Is 33656028163 composite?
False
Is 28091428481 composite?
True
Is 91219781153 prime?
True
Is 63921537217 a composite number?
False
Is 15711471737 prime?
False
Is 9132610141 a composite number?
False
Is 144653195359 a prime number?
False
Is 1497996277 prime?
True
Is 62541588491 a composite number?
True
Is 190407851 a prime number?
True
Is 7556531231 composite?
False
Is 31800270331 prime?
True
Is 6834344399 a prime number?
False
Is 20223205 composite?
True
Is 38728401247 a prime number?
True
Is 9459563921 a prime number?
True
Is 5782381901 composite?
True
Is 64468870643 composite?
False
Is 14850621529 prime?
False
Is 1697750399 a prime number?
True
Is 47565199 a prime number?
False
Is 1323029843 a composite number?
True
Is 20472340613 a composite number?
False
Is 61045213213 a composite number?
False
Is 6179389751 a composite number?
True
Is 1313517487 a composite number?
False
Is 1459800973 a prime number?
True
Is 1113516239 composite?
True
Is 5670049873 a composite number?
True
Is 3065725559 a composite number?
True
Is 17189807717 composite?
False
Is 16229723599 prime?
False
Is 152682353 composite?
True
Is 344142133 composite?
False
Is 2758291027 prime?
True
Is 30280243451 a prime number?
False
Is 1540646179 a composite number?
True
Is 64254008387 a prime number?
True
Is 6949558519 composite?
False
Is 2552103637 a prime number?
True
Is 4022263447 prime?
True
Is 3354054367 composite?
False
Is 23017443905 a prime number?
False
Is 13355524531 a composite number?
False
Is 3374585191 prime?
True
Is 197462669 com